91
List the prime factors of 5564.
2, 13, 107
List the prime factors of 18033.
3, 6011
List the prime factors of 4495.
5, 29, 31
List the prime factors of 5569.
5569
List the prime factors of 1501.
19, 79
List the prime factors of 987.
3, 7, 47
What are the prime factors of 4061?
31, 131
What are the prime factors of 1540?
2, 5, 7, 11
List the prime factors of 591.
3, 197
List the prime factors of 1175.
5, 47
What are the prime factors of 572?
2, 11, 13
List the prime factors of 3526.
2, 41, 43
List the prime factors of 7321.
7321
What are the prime factors of 3602?
2, 1801
List the prime factors of 21215.
5, 4243
What are the prime factors of 1775?
5, 71
What are the prime factors of 3071?
37, 83
List the prime factors of 11560.
2, 5, 17
What are the prime factors of 89220?
2, 3, 5, 1487
List the prime factors of 2974.
2, 1487
List the prime factors of 2082.
2, 3, 347
List the prime factors of 62028.
2, 3, 1723
List the prime factors of 3261.
3, 1087
What are the prime factors of 736?
2, 23
What are the prime factors of 5392?
2, 337
What are the prime factors of 8944?
2, 13, 43
What are the prime factors of 5271?
3, 7, 251
List the prime factors of 2274.
2, 3, 379
What are the prime factors of 7075?
5, 283
List the prime factors of 3406.
2, 13, 131
What are the prime factors of 1002?
2, 3, 167
List the prime factors of 22215.
3, 5, 1481
What are the prime factors of 16295?
5, 3259
List the prime factors of 23650.
2, 5, 11, 43
List the prime factors of 1245.
3, 5, 83
List the prime factors of 16973.
11, 1543
What are the prime factors of 692?
2, 173
List the prime factors of 25269.
3, 8423
List the prime factors of 450.
2, 3, 5
What are the prime factors of 668?
2, 167
List the prime factors of 1202.
2, 601
What are the prime factors of 5369?
7, 13, 59
List the prime factors of 3593.
3593
List the prime factors of 11145.
3, 5, 743
List the prime factors of 5162.
2, 29, 89
List the prime factors of 10167.
3, 3389
List the prime factors of 32684.
2, 8171
What are the prime factors of 35600?
2, 5, 89
What are the prime factors of 660?
2, 3, 5, 11
What are the prime factors of 1245?
3, 5, 83
List the prime factors of 482.
2, 241
What are the prime factors of 52451?
7, 59, 127
What are the prime factors of 15546?
2, 3, 2591
What are the prime factors of 3224?
2, 13, 31
List the prime factors of 579.
3, 193
List the prime factors of 1351.
7, 193
What are the prime factors of 123?
3, 41
What are the prime factors of 2528?
2, 79
List the prime factors of 4842.
2, 3, 269
List the prime factors of 7466.
2, 3733
What are the prime factors of 645?
3, 5, 43
What are the prime factors of 796?
2, 199
List the prime factors of 288.
2, 3
List the prime factors of 48105.
3, 5, 1069
What are the prime factors of 7202?
2, 13, 277
List the prime factors of 134560.
2, 5, 29
List the prime factors of 4045.
5, 809
List the prime factors of 650.
2, 5, 13
List the prime factors of 1679.
23, 73
List the prime factors of 10216.
2, 1277
List the prime factors of 1707.
3, 569
What are the prime factors of 1756?
2, 439
What are the prime factors of 1716?
2, 3, 11, 13
What are the prime factors of 137650?
2, 5, 2753
List the prime factors of 2565.
3, 5, 19
What are the prime factors of 60174?
2, 3, 3343
What are the prime factors of 1240?
2, 5, 31
What are the prime factors of 33824?
2, 7, 151
What are the prime factors of 327?
3, 109
What are the prime factors of 7830?
2, 3, 5, 29
What are the prime factors of 34222?
2, 71, 241
List the prime factors of 9553.
41, 233
What are the prime factors of 42594?
2, 3, 31, 229
What are the prime factors of 18914?
2, 7, 193
What are the prime factors of 1453?
1453
What are the prime factors of 2629?
11, 239
What are the prime factors of 54126?
2, 3, 31, 97
What are the prime factors of 3059?
7, 19, 23
List the prime factors of 1845.
3, 5, 41
List the prime factors of 28434.
2, 3, 7, 677
List the prime factors of 55704.
2, 3, 11, 211
What are the prime factors of 30053?
41, 733
What are the prime factors of 23335?
5, 13, 359
What are the prime factors of 7313?
71, 103
What are the prime factors of 5542?
2, 17, 163
List the prime factors of 43525.
5, 1741
List the prime factors of 2599.
23, 113
What are the prime factors of 10248?
2, 3, 7, 61
What are the prime factors of 517?
11, 47
List the prime factors of 125.
5
List the prime factors of 58561.
157, 373
What are the prime factors of 6229?
6229
What are the prime factors of 782?
2, 17, 23
List the prime factors of 36696.
2, 3, 11, 139
What are the prime factors of 20478?
2, 3, 3413
What are the prime factors of 1788?
2, 3, 149
What are the prime factors of 8647?
8647
What are the prime factors of 1349?
19, 71
What are the prime factors of 46597?
17, 2741
List the prime factors of 523.
523
List the prime factors of 89627.
89627
List the prime factors of 101008.
2, 59, 107
List the prime factors of 53262.
2, 3, 11, 269
What are the prime factors of 4173?
3, 13, 107
What are the prime factors of 5308?
2, 1327
List the prime factors of 311.
311
List the prime factors of 7096.
2, 887
List the prime factors of 68549.
13, 5273
List the prime factors of 26824.
2, 7, 479
What are the prime factors of 9316?
2, 17, 137
What are the prime factors of 1103?
1103
List the prime factors of 839.
839
List the prime factors of 676.
2, 13
What are the prime factors of 129027?
3, 41, 1049
List the prime factors of 11.
11
What are the prime factors of 55414?
2, 103, 269
List the prime factors of 106.
2, 53
What are the prime factors of 54103?
7, 59, 131
What are the prime factors of 2644?
2, 661
What are the prime factors of 13846?
2, 7, 23, 43
List the prime factors of 258.
2, 3, 43
What are the prime factors of 100?
2, 5
List the prime factors of 23380.
2, 5, 7, 167
List the prime factors of 12259.
13, 23, 41
What are the prime factors of 147?
3, 7
What are the prime factors of 1071?
3, 7, 17
What are the prime factors of 24760?
2, 5, 619
List the prime factors of 36591.
3, 12197
What are the prime factors of 462?
2, 3, 7, 11
List the prime factors of 21330.
2, 3, 5, 79
What are the prime factors of 3392?
2, 53
List the prime factors of 1972.
2, 17, 29
What are the prime factors of 35755?
5, 7151
What are the prime factors of 6173?
6173
List the prime factors of 15674.
2, 17, 461
What are the prime factors of 15559?
15559
List the prime factors of 20420.
2, 5, 1021
What are the prime factors of 423?
3, 47
List the prime factors of 43345.
5, 8669
List the prime factors of 8548.
2, 2137
What are the prime factors of 1523?
1523
List the prime factors of 11170.
2, 5, 1117
What are the prime factors of 9381?
3, 53, 59
List the prime factors of 2415.
3, 5, 7, 23
What are the prime factors of 52886?
2, 31, 853
List the prime factors of 1414.
2, 7, 101
List the prime factors of 41238.
2, 3, 29, 79
List the prime factors of 36277.
36277
List the prime factors of 2857.
2857
List the prime factors of 352.
2, 11
List the prime factors of 147.
3, 7
List the prime factors of 1529.
11, 139
What are the prime factors of 13151?
13151
What are the prime factors of 5575?
5, 223
What are the prime factors of 2521?
2521
What are the prime factors of 3425?
5, 137
List the prime factors of 3403.
41, 83
What are the prime factors of 80656?
2, 71
List the prime factors of 1550.
2, 5, 31
List the prime factors of 39977.
7, 5711
What are the prime factors of 1068?
2, 3, 89
What are the prime factors of 51346?
2, 25673
List the prime factors of 3151.
23, 137
What are the prime factors of 1667?
1667
What are the prime factors of 11060?
2, 5, 7, 79
List the prime factors of 92.
2, 23
List the prime factors of 87416.
2, 7, 223
List the prime factors of 83026.
2, 41513
List the prime factors of 8260.
2, 5, 7, 59
What are the prime factors of 5868?
2, 3, 163
List the prime factors of 5401.
11, 491
List the prime factors of 11485.
5, 2297
List the prime factors of 39785.
5, 73, 109
What are the prime factors of 798?
2, 3, 7, 19
What are the prime factors of 28345?
5, 5669
What are the prime factors of 7147?
7, 1021
What are the prime factors of 15470?
2, 5, 7, 13, 17
What are the prime factors of 62292?
2, 3, 29, 179
List the prime factors of 460.
2, 5, 23
List the prime factors of 2130.
2, 3, 5, 71
List the prime factors of 1185.
